= -6*p**3 - 2*p - 2. Calculate the remainder when 46 is divided by r(-1).
4
Let j = 308 - 168. Calculate the remainder when j is divided by 11.
8
Let g(s) = 6*s**2 - 3*s + 1. Let u be g(2). Let p = 196 - 11. Suppose p = u*a - 14*a. What is the remainder when a is divided by 13?
11
Let x = -4 + 6. Suppose -4*d - u + 107 = 0, -2*d + 0*d + 2*u = -56. What is the remainder when d is divided by x?
1
Let r = 248 - 105. Calculate the remainder when r is divided by 16.
15
Let r = 1149 + -1147. Calculate the remainder when r is divided by (-1)/((-2)/(4/2)).
0
Suppose -w - 25 = -6*w. Suppose 271 = x + 2*x + w*p, -3*x + 2*p = -236. What is the remainder when x is divided by 28?
26
Let q be ((-20)/6)/((-6)/225). Suppose q = -11*c + 6*c. What is the remainder when (-91)/(-5) + 5/c is divided by 7?
4
Suppose -286 = -g - 88. Calculate the remainder when g is divided by 40.
38
Let v = 53 - 24. Suppose -4*u + 27 = d - 8, d = -2*u + v. What is the remainder when d is divided by 8?
7
Let k = -27 - -25. What is the remainder when 55 is divided by 304/(-132)*-6 - k/11?
13
Suppose 0 = y - 0*y - 21. Let v = y + -3. Calculate the remainder when 67 is divided by v.
13
What is the remainder when (69/(-18) - -4)*-2*-579 is divided by 15?
13
Suppose -55*l = -60*l. Suppose -2*w + 45 = -f, 2*w = -l*w - 3*f + 25. Calculate the remainder when 37 is divided by w.
17
Suppose 206 = 9*m - 1000. Calculate the remainder when m is divided by 69.
65
Let t = -39 + 41. Suppose -t*z = -2*p + 3*p - 21, -60 = -5*z - 4*p. Calculate the remainder when 29 is divided by z.
5
Suppose 9*y = 14*y - 1725. Suppose 3*h - 8*h = -y. What is the remainder when h is divided by 35?
34
Suppose -59*p = -73*p + 1540. Calculate the remainder when p is divided by 31.
17
Suppose -y = -1 - 4. Suppose 4*a - y*r = 156, 0*a - 5*r = -2*a + 78. Suppose 5*n = -15 + 85. What is the remainder when a is divided by n?
11
Suppose -46*p + 7*p = -2067. What is the remainder when p is divided by 22?
9
Suppose 3*c - 414 = -6*x + 5*x, 0 = 4*c - 4. Calculate the remainder when x is divided by 84.
75
Calculate the remainder when (-66402)/(-595)*(4/3 - -2) is divided by 29.
24
Let z(p) = -2*p**3 + 2*p - 7. Let g be z(-3). Let k = 93 - g. What is the remainder when k is divided by 14?
10
What is the remainder when (4 + -1)/((-270)/(-24390)) is divided by 39?
37
Suppose 6*z = 3*z - 15, -5*u - z + 380 = 0. Suppose -5*j + v = -489, -v - 4*v + u = j. Calculate the remainder when j is divided by ((-57)/(-9) + 2)*3.
22
Suppose -2*a - 39 = -o, 8*a = 3*o + 3*a - 112. What is the remainder when 85 is divided by o?
27
Suppose 4 - 52 = -3*q. Let k be (-130)/(-30)*(-3 + 0). Let o = -7 - k. What is the remainder when q is divided by o?
4
Let t = 1943 - 1937. Suppose 0 = -z - z. Suppose -5*d = z, 2*d - 16 = -3*l + 53. What is the remainder when l is divided by t?
5
Let d = 24 - 22. What is the remainder when 31 is divided by d*(0 - (-8 - -4))?
7
Suppose -6*n - 5*v = -2*n - 5, 2*n - 1 = -v. Calculate the remainder when 123*((n - 0) + (-1)/(-3)) is divided by 15.
11
Let j be ((-4)/(-3))/(4/6). Suppose 5*u + 4*z - z = 39, j*z = -4. Let g(y) = -4*y**3 - 6*y**2 - 3*y + 3. Calculate the remainder when g(-2) is divided by u.
8
Let a(b) = 11*b - 17. Let n be a(9). Let r = n + -62. Let x(t) = -19*t + 3. What is the remainder when x(-4) is divided by r?
19
Let b be (-952)/(-12) - (-4)/(-3). Let q = -53 + b. What is the remainder when 46 is divided by q?
21
Let t = -85 - -69. Let i = t + 48. What is the remainder when 62 is divided by i?
30
Let h = -40 - -43. Suppose -4*b + 20 = -3*b - 3*m, 4*m = -h*b + 86. What is the remainder when 100 is divided by b?
22
Let h = 492 - 319. Let k = -94 + h. Let a = 132 - k. Calculate the remainder when a is divided by 27.
26
Suppose k - 4*f + 490 = 3*k, 974 = 4*k + 5*f. Let d = 133 - k. What is the remainder when (2 - d/16)*4 is divided by 19?
16
Suppose -10*s + 316 = -6*s. Let j = -56 + s. What is the remainder when 65 is divided by j?
19
Suppose -2988 = -148*u + 112*u. What is the remainder when 119 is divided by u?
36
Let m(z) = -z**3 + 7*z**2 + 10*z - 8. What is the remainder when m(8) is divided by 4?
0
Let i be (-4)/(-4) + 0 + -6. Let p = -7 - i. What is the remainder when 44 is divided by (-11 + 9)*15/p?
14
Calculate the remainder when 1*23 + (-20)/4 is divided by 5.
3
Let v = -203 + 268. Calculate the remainder when v is divided by 17.
14
Let m(n) = -n**3 + 6*n**2 - 6*n + 2. Suppose 0 = 8*a - 6*a - 50. What is the remainder when a is divided by m(4)?
5
Suppose 85 = s + s - q, 4*q = 4*s - 172. Suppose -4*y - s = -130. Calculate the remainder when y is divided by 8.
6
Suppose -3*u + 5*b - 108 + 456 = 0, -2*u = -2*b - 232. Calculate the remainder when u is divided by 28.
4
Suppose -316 = -1506*l + 1502*l. What is the remainder when l is divided by 28?
23
Calculate the remainder when (-88)/(-396) - (1868/18)/(-1) is divided by 21.
20
Let g = 769 - 397. What is the remainder when g is divided by 17?
15
Suppose -8*k + 11*k - 399 = 0. Suppose 0 = -3*x + k - 31. Calculate the remainder when 67 is divided by x.
33
Let d(l) = 3*l**3 + 18*l**2 - 4*l - 10. What is the remainder when 32 is divided by d(-6)?
4
Suppose -2*p = 4 - 10. Suppose p*i + 2*i = 50. Calculate the remainder when 35 is divided by i.
5
Let m(s) = 2*s**2 - 41*s + 27. Let h be m(20). Suppose h*q = 13*q - 300. What is the remainder when 347 is divided by q?
47
Let y be 6/(-9)*-1*3. Let z be -3 - 1/(-2)*(-20 - -26). Suppose z = -y*j + 110 + 4. What is the remainder when j is divided by 30?
27
What is the remainder when (651 + -9)/3 - 3 is divided by 31?
25
Suppose 1219 = -89*p + 15370. What is the remainder when p is divided by 88?
71
What is the remainder when -11 + 477/6 - (-6)/(-4) is divided by 62?
5
Let x(b) = 2*b - 10. Let g be x(7). Suppose -16 = -g*o - 0*o. Suppose 0 = v - 0*v - 3*d - 13, -3*d + 52 = o*v. What is the remainder when v is divided by 4?
1
Suppose -l = 3*q - 147, 79 = 5*q - 3*l - 166. Calculate the remainder when q is divided by 18.
13
Let a be -2 + 1/1 - -1. Suppose -5*c + a*r + 487 = 2*r, 0 = -3*c + 5*r + 317. What is the remainder when c is divided by 26?
21
Let n = 577 - 562. What is the remainder when 40 is divided by n?
10
Let o = 1035 - 1014. What is the remainder when 165 is divided by o?
18
Let x = -46 - -63. Let o = x - -17. What is the remainder when o is divided by 5?
4
Suppose u - 5 = 0, -4*h - u - 4*u = -113. Let n = 36 - h. Let d(c) = c**3 + 8*c**2 + 10*c - 8. Calculate the remainder when n is divided by d(-6).
2
Suppose 13*t - 14*t = -5. Let b = 10 + t. Let j = 30 + -21. What is the remainder when b is divided by j?
6
Suppose j - 6 = 2*u, u = -4*j + 7*j + 2. What is the remainder when 11 is divided by 77/14 - (-1)/j?
1
Suppose 475 - 403 = 3*w. Calculate the remainder when w is divided by 9.
6
Let a(v) = -v**3 - 11*v**2 - 16*v + 28. What is the remainder when 13 is divided by a(-9)?
3
What is the remainder when 6740/30 + 10/(-6) is divided by 77?
69
Suppose 3*s + s - 76 = 0. What is the remainder when -3*114/(-9) - (-146)/(-73) is divided by s?
17
Suppose 4*y + 29*y = 594. What is the remainder when 31 is divided by y?
13
Suppose -19 = -3*q + 29. Let d = q + -15. Calculate the remainder when 5 + 24/(-6) - (-1 + 0) is divided by d.
0
Let j = 70 - 43. Calculate the remainder when 45 is divided by j.
18
Let o(w) = 2*w + 18. Suppose -3*h + g + 205 = -0*h, -51 = -h - 4*g. What is the remainder when h is divided by o(8)?
33
Let p = -12 + 22. Suppose -t + 2 = -0*t. Suppose -10 = t*c, -12 + 51 = j - 2*c. Calculate the remainder when j is divided by p.
9
Suppose -3 - 3 = 2*u, -3*p - 4*u = 108. Let l = -18 - p. Calculate the remainder when l is divided by 8.
6
Suppose 10 = 5*v - 4*v. Let s be 6/24 - 61/4. Let q = s + 43. What is the remainder when q is divided by v?
8
Suppose 2*k - 2*c - 52 = 0, -3*k = 3*c - 90 + 18. Calculate the remainder when 13*(-5)/k*-5 is divided by 8.
5
Let t(z) = z**2 - 2*z - 2. Let w be t(-1). Let h = w - 7. Let g = 9 + h. What is the remainder when g is divided by 1?
0
Let g(k) = 3*k**2 - 1. Let u = 18613 - 18603. Calculate the remainder when g(-3) is divided by u.
6
Suppose -3*c + 5*c - 626 = 0. Let q be c/9 + 8/36. Suppose -19 - q = -2*k. What is the remainder when k is divided by 7?
6
Let z = 8 - 